2 - -101?
120
In base 8, what is -260 - 21?
-301
In base 2, what is 1101110 - -10?
1110000
In base 11, what is -615 + 11?
-604
In base 2, what is 1 + -100111010010?
-100111010001
In base 10, what is 7 - 35?
-28
In base 9, what is -303 - -1?
-302
In base 10, what is 165 + 2?
167
In base 6, what is 100 + -12?
44
In base 11, what is -10 - -21?
11
In base 4, what is 1022 - -113?
1201
In base 13, what is -2 - 1a?
-1c
In base 5, what is 23 - -124?
202
In base 3, what is 1101 - -102?
1210
In base 15, what is 2 + -4d?
-4b
In base 6, what is 1 + -110?
-105
In base 2, what is -100010 - 10010000?
-10110010
In base 13, what is -2c5 - -4?
-2c1
In base 13, what is -11 + 4?
-a
In base 15, what is -24 - e?
-33
In base 2, what is -100010 - -1?
-100001
In base 16, what is -d0 + -e?
-de
In base 8, what is -321 + 7?
-312
In base 12, what is -387 + 8?
-37b
In base 8, what is -5035 - -4?
-5031
In base 8, what is -20 - -36?
16
In base 15, what is -2b - -6?
-25
In base 11, what is 11 + 11?
22
In base 2, what is 1111000 - -100?
1111100
In base 2, what is 110000100100 + 1?
110000100101
In base 14, what is 5 - 1b5c?
-1b57
In base 7, what is 1453 - -3?
1456
In base 15, what is 1e4 + 0?
1e4
In base 6, what is -105 + 5?
-100
In base 6, what is 24 - 224?
-200
In base 3, what is 11 + -10211?
-10200
In base 8, what is 10 + 31?
41
In base 10, what is 10 - -16?
26
In base 8, what is 0 - 66?
-66
In base 8, what is 0 - 334?
-334
In base 15, what is 198 - -18?
1b1
In base 8, what is 152 + 77?
251
In base 11, what is -4 - -1143?
113a
In base 14, what is -4 + 4ad?
4a9
In base 5, what is -130343 + -4?
-130402
In base 2, what is -1011 + -1011?
-10110
In base 14, what is -2c - -3?
-29
In base 13, what is 5 + b6?
bb
In base 13, what is 1 + 63?
64
In base 13, what is 548 + 5?
550
In base 9, what is 224 + -256?
-32
In base 13, what is 1 - -704?
705
In base 4, what is 2 - -100211?
100213
In base 4, what is 330 + 100?
1030
In base 12, what is 5 + 191?
196
In base 5, what is -2 + 2412?
2410
In base 5, what is 10 + 3121?
3131
In base 3, what is 2 - 11220110?
-11220101
In base 6, what is -12 - 3324?
-3340
In base 12, what is -4 - 264?
-268
In base 12, what is 5a1 - -7?
5a8
In base 9, what is 6 + 137?
144
In base 3, what is -10021022 + -11?
-10021110
In base 12, what is -3 - -397?
394
In base 12, what is -5 - -36?
31
In base 15, what is -16 - -5?
-11
In base 7, what is -1 - 144?
-145
In base 5, what is 204 - 10?
144
In base 8, what is -32 + 101?
47
In base 2, what is -110001110 - 11?
-110010001
In base 14, what is -1 - -245?
244
In base 2, what is -101 + 1111101?
1111000
In base 5, what is 0 + -43434?
-43434
In base 8, what is 2 + -66?
-64
In base 14, what is 5 + -b56?
-b51
In base 16, what is 1f6 - 5?
1f1
In base 15, what is -121 - -1?
-120
In base 2, what is -1000 - -1?
-111
In base 15, what is -7 + -32?
-39
In base 7, what is -120 - -4?
-113
In base 7, what is 34 + 3?
40
In base 16, what is 1a - 6?
14
In base 6, what is 2303 + 3?
2310
In base 13, what is -6 + -46?
-4c
In base 15, what is -122c + 1?
-122b
In base 16, what is 1 + -22?
-21
In base 2, what is 11000 - 100?
10100
In base 11, what is -10 + 369?
359
In base 11, what is -3596 + -4?
-359a
In base 5, what is 3113 + -14?
3044
In base 6, what is -10 - -2?
-4
In base 14, what is -40 - -1?
-3d
In base 15, what is 3db - -1?
3dc
In base 12, what is -3b - -7?
-34
In base 13, what is 0 - -96?
96
In base 11, what is -556 - 6?
-561
In base 12, what is 5a69 + -4?
5a65
In base 12, what is 9522 + -2?
9520
In base 15, what is 5 + 386?
38b
In base 8, what is -330 + -4?
-334
In base 13, what is -4 + 8a?
86
In base 16, what is -3 + 1a?
17
In base 16, what is -397 - 2?
-399
In base 16, what is 1be - 4?
1ba
In base 7, what is -46 - 12?
-61
In base 13, what is -6 + -58?
-61
In base 5, what is 2 - -1134?
1141
In base 16, what is 4 + 26?
2a
In base 4, what is 3 + -1232?
-1223
In base 13, what is a1 + 15?
b6
In base 12, what is 177b - 3?
1778
In base 12, what is -4 + -223?
-227
In base 10, what is -1702 + 3?
-1699
In base 16, what is -b1 + 0?
-b1
In base 15, what is -3 + -2c1?
-2c4
In base 5, what is -3 + -32442?
-33000
In base 9, what is 76 - 4?
72
In base 9, what is 21 + 36?
57
In base 8, what is -333 - -4?
-327
In base 8, what is -36 - -25?
-11
In base 13, what is 46 + -3?
43
In base 13, what is -32 - 1c6?
-228
In base 7, what is 123 - 26?
64
In base 16, what is -a0 + 8?
-98
In base 13, what is 2 - 3367?
-3365
In base 6, what is -21 - -13?
-4
In base 4, what is 3 - 301?
-232
In base 8, what is 707 - -5?
714
In base 8, what is 1 + -43?
-42
In base 13, what is 1 - -16?
17
In base 11, what is 5 + 41?
46
In base 14, what is -1 - 3a?
-3b
In base 11, what is 30 - -16?
46
In base 5, what is 0 + -2033?
-2033
In base 10, what is 5 + -100?
-95
In base 7, what is -506 - -6?
-500
In base 16, what is -28e + 8?
-286
In base 14, what is 5 + -9?
-4
In base 6, what is -3043 - 1?
-3044
In base 9, what is 7 + 217?
225
In base 8, what is 26 + -13?
13
In base 2, what is -10 + 110011?
110001
In base 7, what is -3 + -111?
-114
In base 15, what is 2cb + -5?
2c6
In base 15, what is 3 - e?
-b
In base 6, what is -5 + 23253?
23244
In base 16, what is -2e + -3?
-31
In base 8, what is 16 + 12?
30
In base 15, what is -1905 + -2?
-1907
In base 3, what is 22112 - -2?
22121
In base 13, what is -2 + -68?
-6a
In base 5, what is 11 - -11?
22
In base 14, what is -902 + -3?
-905
In base 9, what is -15 + 60?
44
In base 5, what is -11232 - -1?
-11231
In base 4, what is -22 - 111?
-133
In base 11, what is -1a + 1732?
1713
In base 13, what is 10aa + 1?
10ab
In base 9, what is -10 - -4?
-5
In base 8, what is -2 + -3643?
-3645
In base 10, what is -38 + 3?
-35
In base 5, what is 202311 + -2?
202304
In base 7, what is 10 + 46?
56
In base 15, what is 447e + 0?
447e
In base 13, what is -1ba - 5?
-1c2
In base 11, what is -400 + -6?
-406
In base 16, what is -13 - 1a?
-2d
In base 15, what is 5 - -304?
309
In base 6, what is -1200 + 3?
-1153
In base 15, what is -6 + 37?
31
In base 12, what is 199 - -1?
19a
In base 3, what is 12 + 21202222?
21210011
In base 11, what is -90 + 1?
-8a
In base 9, what is -5 - 52?
-57
In base 3, what is 11 + 1222?
2010
In base 10, what is 0 + -166?
-166
In base 7, what is 3460 - -3?
3463
In base 16, what is -2 + -45?
-47
In base 7, what is -2 + 14236?
14234
In base 7, what is 10265 - -4?
10302
In base 11, what is -18 - -144?
127
In base 12, what is 142 + -a?
134
In base 12, what is 5102 + -5?
50b9
In base 9, what is 5 - 66?
-61
In base 14, what is 8d + -c?
81
In base 3, what is -12112 + 2200?
-2212
In base 12, what is 5 - -215?
21a
In base 9, what is -1 - -24?
23
In base 16, what is -4 - -2c4?
2c0
In base 5, what is -2 - 11344?
-11401
In base 15, what is 0 - 1cc?
-1cc
In base 14, what is -149 + -a?
-155
In base 10, what is 4 - -1417?
1421
In base 6, what is -4 - 4002?
-4010
In base 15, what is -3 - 33?
-36
In base 9, what is -485 + 3?
-482
In base 12, what is -1 + 758?
757
In base 7, what is -21 + 66?
45
In base 13, what is 3 - 28?
-25
In base 14, what is 9 - 7d?
-74
In base 6, what is 155 + -23?
132
In base 12, what is 4 - 1295?
-1291
In base 7, what is 32265 - 3?
32262
In base 6, what is 2230 + 1?
2231
In base 4, what is -1 + -123?
-130
In base 9, what is -2311 + -3?
-2314
In base 11, what is -15 - -13?
-2
In base 11, what is -2416 - -4?
-2412
In base 11, what is -16 + -2?
-18
In base 12, what is -a + -21?
-2b
In base 11, what is -3830 + -5?
-3835
In base 13, what is 59 - 2?
57
In base 8, what is -10077 + -2?
-10101
In base 12, what is 1b - -42b?
44a
In base 9, what is -8 + 2542?
2533
In base 10, what is 1 - -21?
22
In base 4, what is -3021 - 0?
-3021
In base 9, what is 3 + -2817?
-2814
In base 13, what is 4 + 267?
26b
In base 16, what is 0 - d4f?
-d4f
In base 5, what is 100 - 2?
43
In base 4, what is 22232 - 1?
22231
In base 14, what is 3 + 6?
9
In base 5, what is 103 - 2?
101
In base 14, what is -2 - -2a3?
2a1
In base 12, what is -178 + 10?
-168
In base 15, what is 12d - -1?
12e
In base 2, what is 100 + -1001101?
-1001001
In base 11, what is -5 + 6?
1
In base 3, what is 2 + -1010210?
-1010201
In base 15, what is 2b1 - 5?
2ab
In base 13, what is 154 - 1?
153
In base 9, what is 62 + -2?
60
In base 2, what is -11 - -111?
100
In base 9, what is -11 + -276?
-287
In base 12, w